ded by 42.
37
Calculate the remainder when 754 is divided by 54.
52
Calculate the remainder when 277 is divided by 18.
7
Calculate the remainder when 830 is divided by 739.
91
What is the remainder when 1874 is divided by 66?
26
What is the remainder when 101 is divided by 14?
3
What is the remainder when 45 is divided by 20?
5
What is the remainder when 236 is divided by 27?
20
Calculate the remainder when 316 is divided by 81.
73
Calculate the remainder when 94 is divided by 24.
22
What is the remainder when 580 is divided by 5?
0
What is the remainder when 86 is divided by 10?
6
What is the remainder when 96 is divided by 10?
6
What is the remainder when 657 is divided by 55?
52
What is the remainder when 529 is divided by 112?
81
Calculate the remainder when 403 is divided by 387.
16
Calculate the remainder when 2233 is divided by 742.
7
Calculate the remainder when 297 is divided by 211.
86
What is the remainder when 686 is divided by 43?
41
Calculate the remainder when 681 is divided by 674.
7
Calculate the remainder when 173 is divided by 87.
86
Calculate the remainder when 854 is divided by 13.
9
Calculate the remainder when 244 is divided by 93.
58
Calculate the remainder when 170 is divided by 13.
1
Calculate the remainder when 19852 is divided by 95.
92
What is the remainder when 121 is divided by 36?
13
What is the remainder when 2985 is divided by 249?
246
Calculate the remainder when 315 is divided by 140.
35
Calculate the remainder when 583 is divided by 288.
7
Calculate the remainder when 634 is divided by 10.
4
What is the remainder when 38924 is divided by 67?
64
Calculate the remainder when 43 is divided by 29.
14
What is the remainder when 60 is divided by 14?
4
Calculate the remainder when 402 is divided by 14.
10
Calculate the remainder when 1612 is divided by 60.
52
What is the remainder when 500 is divided by 72?
68
What is the remainder when 1761 is divided by 36?
33
Calculate the remainder when 35 is divided by 19.
16
What is the remainder when 616 is divided by 116?
36
What is the remainder when 425 is divided by 105?
5
Calculate the remainder when 4362 is divided by 97.
94
What is the remainder when 579 is divided by 14?
5
Calculate the remainder when 790 is divided by 66.
64
Calculate the remainder when 42 is divided by 25.
17
What is the remainder when 5081 is divided by 121?
120
What is the remainder when 89 is divided by 45?
44
Calculate the remainder when 421 is divided by 9.
7
What is the remainder when 286 is divided by 12?
10
Calculate the remainder when 4137 is divided by 101.
97
Calculate the remainder when 365 is divided by 16.
13
What is the remainder when 168 is divided by 161?
7
Calculate the remainder when 206 is divided by 71.
64
Calculate the remainder when 388 is divided by 14.
10
What is the remainder when 1916 is divided by 956?
4
Calculate the remainder when 3161 is divided by 31.
30
Calculate the remainder when 486 is divided by 49.
45
What is the remainder when 204 is divided by 31?
18
What is the remainder when 81 is divided by 22?
15
What is the remainder when 1718 is divided by 844?
30
What is the remainder when 16176 is divided by 8081?
14
What is the remainder when 243 is divided by 32?
19
Calculate the remainder when 35 is divided by 24.
11
What is the remainder when 296 is divided by 26?
10
What is the remainder when 375 is divided by 122?
9
What is the remainder when 237 is divided by 112?
13
Calculate the remainder when 167 is divided by 84.
83
What is the remainder when 2769 is divided by 146?
141
Calculate the remainder when 193 is divided by 72.
49
Calculate the remainder when 162 is divided by 11.
8
What is the remainder when 5692 is divided by 184?
172
What is the remainder when 257 is divided by 11?
4
Calculate the remainder when 2493 is divided by 64.
61
What is the remainder when 27 is divided by 12?
3
What is the remainder when 110 is divided by 48?
14
Calculate the remainder when 437 is divided by 90.
77
What is the remainder when 5257 is divided by 34?
21
What is the remainder when 20337 is divided by 226?
223
What is the remainder when 232 is divided by 48?
40
What is the remainder when 870 is divided by 8?
6
Calculate the remainder when 121 is divided by 8.
1
What is the remainder when 58 is divided by 53?
5
Calculate the remainder when 75 is divided by 72.
3
Calculate the remainder when 571 is divided by 255.
61
What is the remainder when 122 is divided by 97?
25
Calculate the remainder when 199 is divided by 10.
9
Calculate the remainder when 418 is divided by 106.
100
Calculate the remainder when 167 is divided by 10.
7
Calculate the remainder when 22821 is divided by 7.
1
Calculate the remainder when 958 is divided by 64.
62
Calculate the remainder when 2420 is divided by 128.
116
Calculate the remainder when 427 is divided by 28.
7
What is the remainder when 1428 is divided by 30?
18
What is the remainder when 712 is divided by 17?
15
Calculate the remainder when 173 is divided by 6.
5
What is the remainder when 240 is divided by 42?
30
Calculate the remainder when 156 is divided by 54.
48
What is the remainder when 209 is divided by 15?
14
Calculate the remainder when 19 is divided by 1.
0
What is the remainder when 752 is divided by 33?
26
What is the remainder when 1799 is divided by 129?
122
What is the remainder when 891 is divided by 43?
31
Calculate the remainder when 132 is divided by 16.
4
Calculate the remainder when 894 is divided by 28.
26
What is the remainder when 355 is divided by 56?
19
Calculate the remainder when 444 is divided by 14.
10
What is the remainder when 1863 is divided by 79?
46
Calculate the remainder when 35 is divided by 2.
1
Calculate the remainder when 188 is divided by 21.
20
What is the remainder when 14 is divided by 10?
4
Calculate the remainder when 295 is divided by 137.
21
Calculate the remainder when 4470 is divided by 172.
170
Calculate the remainder when 1647 is divided by 241.
201
Calculate the remainder when 622 is divided by 51.
10
Calculate the remainder when 2474 is divided by 177.
173
Calculate the remainder when 282 is divided by 64.
26
What is the remainder when 1886 is divided by 185?
36
What is the remainder when 813 is divided by 201?
9
What is the remainder when 477 is divided by 16?
13
Calculate the remainder when 822 is divided by 15.
12
What is the remainder when 897 is divided by 130?
117
What is the remainder when 489 is divided by 82?
79
Calculate the remainder when 39 is divided by 7.
4
Calculate the remainder when 2730 is divided by 905.
15
What is the remainder when 185 is divided by 12?
5
Calculate the remainder when 306 is divided by 31.
27
What is the remainder when 256 is divided by 13?
9
Calculate the remainder when 416 is divided by 54.
38
What is the remainder when 80 is divided by 18?
8
Calculate the remainder when 2735 is divided by 2723.
12
What is the remainder when 990 is divided by 62?
60
What is the remainder when 5909 is divided by 15?
14
Calculate the remainder when 49 is divided by 2.
1
What is the remainder when 1037 is divided by 9?
2
What is the remainder when 174 is divided by 7?
6
Calculate the remainder when 599 is divided by 146.
15
What is the remainder when 332 is divided by 56?
52
What is the remainder when 512 is divided by 89?
67
Calculate the remainder when 9414 is divided by 214.
212
Calculate the remainder when 415 is divided by 37.
8
What is the remainder when 308 is divided by 8?
4
What is the remainder when 1426 is divided by 296?
242
What is the remainder when 100 is divided by 52?
48
Calculate the remainder when 52 is divided by 19.
14
What is the remainder when 1036 is divided by 38?
10
Calculate the remainder when 5690 is divided by 100.
90
Calculate the remainder when 206 is divided by 23.
22
What is the remainder when 1068 is divided by 17?
14
Calculate the remainder when 607 is divided by 47.
43
What is the remainder when 579 is divided by 10?
9
What is the remainder when 115 is divided by 9?
7
What is the remainder when 137 is divided by 70?
67
Calculate the remainder when 1545 is divided by 62.
57
Calculate the remainder when 8553 is divided by 13.
12
Calculate the remainder when 683 is divided by 190.
113
What is the remainder when 145 is divided by 22?
